{"id":111,"date":"2018-03-30T20:50:26","date_gmt":"2018-03-30T18:50:26","guid":{"rendered":"http:\/\/novonet.fr\/?page_id=111"},"modified":"2019-06-06T23:59:32","modified_gmt":"2019-06-06T21:59:32","slug":"residentiel","status":"publish","type":"page","link":"https:\/\/novonet.fr\/index.php\/nos-prestations\/residentiel\/","title":{"rendered":"R\u00e9sidentiel"},"content":{"rendered":"<p><img loading=\"lazy\" decoding=\"async\" src=\"https:\/\/novonet.fr\/wp-content\/uploads\/2018\/03\/Bandeau-1.png\" alt=\"\" class=\"alignleft wp-image-108 size-full\" width=\"948\" height=\"211\" srcset=\"https:\/\/novonet.fr\/wp-content\/uploads\/2018\/03\/Bandeau-1.png 948w, https:\/\/novonet.fr\/wp-content\/uploads\/2018\/03\/Bandeau-1-300x67.png 300w, https:\/\/novonet.fr\/wp-content\/uploads\/2018\/03\/Bandeau-1-768x171.png 768w\" sizes=\"auto, (max-width: 948px) 100vw, 948px\" \/><\/p>\n<p>Des <strong>parties communes propres<\/strong>, ce sont des copropri\u00e9taires et des r\u00e9sidents satisfaits et respectueux des lieux qu&rsquo;ils fr\u00e9quentent.<\/p>\n<p>L&rsquo;entretien courant d&rsquo;un immeuble n&rsquo;est pas qu&rsquo;une simple question de lavage du hall d&rsquo;entr\u00e9e et la gestion des poubelles. Nos agents effectuent donc au quotidien, toutes les op\u00e9rations d\u2019entretien des parties communes des immeubles :<\/p>\n<ul>\n<li>Aspiration et lavage des sols, escaliers et ascenseurs<\/li>\n<li>Nettoyage des cours et espaces de circulation ext\u00e9rieurs<\/li>\n<li>Nettoyages des vitreries (int\u00e9rieures et ext\u00e9rieures) et miroiteries<\/li>\n<li>Nettoyages des parkings int\u00e9rieurs et ext\u00e9rieurs<\/li>\n<li>Entr\u00e9es et sorties des conteneurs poubelles<\/li>\n<li>Lavage et d\u00e9sinfection des conteneurs et locaux poubelles<\/li>\n<li>Changement des ampoules, tubes&#8230;<\/li>\n<li>Enl\u00e8vement des encombrants<\/li>\n<li>D\u00e9neigement et salage&#8230;etc&#8230;<\/li>\n<\/ul>\n<p><img loading=\"lazy\" decoding=\"async\" src=\"https:\/\/novonet.fr\/wp-content\/uploads\/2018\/03\/photos-residence-2.png\" alt=\"\" class=\"alignleft wp-image-131 size-full\" width=\"1310\" height=\"212\" srcset=\"https:\/\/novonet.fr\/wp-content\/uploads\/2018\/03\/photos-residence-2.png 1310w, https:\/\/novonet.fr\/wp-content\/uploads\/2018\/03\/photos-residence-2-300x49.png 300w, https:\/\/novonet.fr\/wp-content\/uploads\/2018\/03\/photos-residence-2-768x124.png 768w, https:\/\/novonet.fr\/wp-content\/uploads\/2018\/03\/photos-residence-2-1024x166.png 1024w\" sizes=\"auto, (max-width: 1310px) 100vw, 1310px\" \/><\/p>\n","protected":false},"excerpt":{"rendered":"<p>Des parties communes propres, ce sont des copropri\u00e9taires et des r\u00e9sidents satisfaits et respectueux des lieux qu&rsquo;ils fr\u00e9quentent. L&rsquo;entretien courant d&rsquo;un immeuble n&rsquo;est pas qu&rsquo;une simple question de lavage du hall d&rsquo;entr\u00e9e et la gestion des poubelles. Nos agents effectuent donc au quotidien, toutes les op\u00e9rations d\u2019entretien des parties communes<a class=\"moretag\" href=\"https:\/\/novonet.fr\/index.php\/nos-prestations\/residentiel\/\"> Lire la suite<\/a><\/p>\n","protected":false},"author":1,"featured_media":0,"parent":48,"menu_order":1,"comment_status":"closed","ping_status":"closed","template":"","meta":{"footnotes":""},"class_list":["post-111","page","type-page","status-publish","hentry"],"_links":{"self":[{"href":"https:\/\/novonet.fr\/index.php\/wp-json\/wp\/v2\/pages\/111","targetHints":{"allow":["GET"]}}],"collection":[{"href":"https:\/\/novonet.fr\/index.php\/wp-json\/wp\/v2\/pages"}],"about":[{"href":"https:\/\/novonet.fr\/index.php\/wp-json\/wp\/v2\/types\/page"}],"author":[{"embeddable":true,"href":"https:\/\/novonet.fr\/index.php\/wp-json\/wp\/v2\/users\/1"}],"replies":[{"embeddable":true,"href":"https:\/\/novonet.fr\/index.php\/wp-json\/wp\/v2\/comments?post=111"}],"version-history":[{"count":3,"href":"https:\/\/novonet.fr\/index.php\/wp-json\/wp\/v2\/pages\/111\/revisions"}],"predecessor-version":[{"id":163,"href":"https:\/\/novonet.fr\/index.php\/wp-json\/wp\/v2\/pages\/111\/revisions\/163"}],"up":[{"embeddable":true,"href":"https:\/\/novonet.fr\/index.php\/wp-json\/wp\/v2\/pages\/48"}],"wp:attachment":[{"href":"https:\/\/novonet.fr\/index.php\/wp-json\/wp\/v2\/media?parent=111"}],"curies":[{"name":"wp","href":"https:\/\/api.w.org\/{rel}","templated":true}]}}