{"id":113,"date":"2018-03-30T20:50:48","date_gmt":"2018-03-30T18:50:48","guid":{"rendered":"http:\/\/novonet.fr\/?page_id=113"},"modified":"2022-02-18T11:18:54","modified_gmt":"2022-02-18T10:18:54","slug":"professionnel","status":"publish","type":"page","link":"https:\/\/novonet.fr\/index.php\/nos-prestations\/professionnel\/","title":{"rendered":"Professionnels"},"content":{"rendered":"<p><img loading=\"lazy\" decoding=\"async\" src=\"https:\/\/novonet.fr\/wp-content\/uploads\/2018\/03\/photos-locaux-pros-1.png\" alt=\"\" class=\"alignleft size-full wp-image-127\" width=\"1261\" height=\"205\" srcset=\"https:\/\/novonet.fr\/wp-content\/uploads\/2018\/03\/photos-locaux-pros-1.png 1261w, https:\/\/novonet.fr\/wp-content\/uploads\/2018\/03\/photos-locaux-pros-1-300x49.png 300w, https:\/\/novonet.fr\/wp-content\/uploads\/2018\/03\/photos-locaux-pros-1-768x125.png 768w, https:\/\/novonet.fr\/wp-content\/uploads\/2018\/03\/photos-locaux-pros-1-1024x166.png 1024w\" sizes=\"auto, (max-width: 1261px) 100vw, 1261px\" \/><\/p>\n<p>Avec une r\u00e9alisation p\u00e9riodique, l\u2019entretien des bureaux et des locaux professionnels est indispensable pour garantir un lieu de travail hygi\u00e9nique et confortable \u00e0 vos salari\u00e9s et recevoir vos clients dans un endroit agr\u00e9able et surtout, \u00e0 l&rsquo;image de votre entreprise.<\/p>\n<ul>\n<li>Vidage des corbeilles<\/li>\n<li>Aspiration et lavage des sols<\/li>\n<li>Nettoyage des vitrines et vitreries<\/li>\n<li>Enl\u00e8vement des traces sur les bureaux, portes vitr\u00e9es&#8230;<\/li>\n<li>D\u00e9poussi\u00e9rage des plinthes, radiateurs, interrupteurs&#8230;<\/li>\n<li>Nettoyage des t\u00e9l\u00e9phones et ordinateurs<\/li>\n<li>Nettoyage des sanitaires<\/li>\n<li>Nettoyage des salles de pause caf\u00e9, des r\u00e9fectoires et des cuisines&#8230;<\/li>\n<\/ul>\n","protected":false},"excerpt":{"rendered":"<p>Avec une r\u00e9alisation p\u00e9riodique, l\u2019entretien des bureaux et des locaux professionnels est indispensable pour garantir un lieu de travail hygi\u00e9nique et confortable \u00e0 vos salari\u00e9s et recevoir vos clients dans un endroit agr\u00e9able et surtout, \u00e0 l&rsquo;image de votre entreprise. Vidage des corbeilles Aspiration et lavage des sols Nettoyage des<a class=\"moretag\" href=\"https:\/\/novonet.fr\/index.php\/nos-prestations\/professionnel\/\"> Lire la suite<\/a><\/p>\n","protected":false},"author":1,"featured_media":0,"parent":48,"menu_order":2,"comment_status":"closed","ping_status":"closed","template":"","meta":{"footnotes":""},"class_list":["post-113","page","type-page","status-publish","hentry"],"_links":{"self":[{"href":"https:\/\/novonet.fr\/index.php\/wp-json\/wp\/v2\/pages\/113","targetHints":{"allow":["GET"]}}],"collection":[{"href":"https:\/\/novonet.fr\/index.php\/wp-json\/wp\/v2\/pages"}],"about":[{"href":"https:\/\/novonet.fr\/index.php\/wp-json\/wp\/v2\/types\/page"}],"author":[{"embeddable":true,"href":"https:\/\/novonet.fr\/index.php\/wp-json\/wp\/v2\/users\/1"}],"replies":[{"embeddable":true,"href":"https:\/\/novonet.fr\/index.php\/wp-json\/wp\/v2\/comments?post=113"}],"version-history":[{"count":4,"href":"https:\/\/novonet.fr\/index.php\/wp-json\/wp\/v2\/pages\/113\/revisions"}],"predecessor-version":[{"id":421,"href":"https:\/\/novonet.fr\/index.php\/wp-json\/wp\/v2\/pages\/113\/revisions\/421"}],"up":[{"embeddable":true,"href":"https:\/\/novonet.fr\/index.php\/wp-json\/wp\/v2\/pages\/48"}],"wp:attachment":[{"href":"https:\/\/novonet.fr\/index.php\/wp-json\/wp\/v2\/media?parent=113"}],"curies":[{"name":"wp","href":"https:\/\/api.w.org\/{rel}","templated":true}]}}