{"id":115,"date":"2018-03-30T20:51:13","date_gmt":"2018-03-30T18:51:13","guid":{"rendered":"http:\/\/novonet.fr\/?page_id=115"},"modified":"2019-06-07T09:08:38","modified_gmt":"2019-06-07T07:08:38","slug":"espaces-verts","status":"publish","type":"page","link":"https:\/\/novonet.fr\/index.php\/nos-prestations\/espaces-verts\/","title":{"rendered":"Espaces Verts"},"content":{"rendered":"<p><img loading=\"lazy\" decoding=\"async\" src=\"https:\/\/novonet.fr\/wp-content\/uploads\/2018\/03\/photos-espaces-verts-2.png\" alt=\"\" class=\"alignleft size-full wp-image-126\" width=\"1100\" height=\"196\" srcset=\"https:\/\/novonet.fr\/wp-content\/uploads\/2018\/03\/photos-espaces-verts-2.png 1100w, https:\/\/novonet.fr\/wp-content\/uploads\/2018\/03\/photos-espaces-verts-2-300x53.png 300w, https:\/\/novonet.fr\/wp-content\/uploads\/2018\/03\/photos-espaces-verts-2-768x137.png 768w, https:\/\/novonet.fr\/wp-content\/uploads\/2018\/03\/photos-espaces-verts-2-1024x182.png 1024w\" sizes=\"auto, (max-width: 1100px) 100vw, 1100px\" \/><\/p>\n<p>Que ce soit en r\u00e9sidentiel et les jardins verdoyants qui offrent du standing et du cachet \u00e0 votre r\u00e9sidence ou en espaces professionnels priv\u00e9s pour l&rsquo;\u00e9vasion momentan\u00e9e de votre personnel&#8230; NOVONET met \u00e0 disposition de vos besoins, une \u00e9quipe de paysagistes pour r\u00e9aliser une offre compl\u00e8te de prestations pour vos espaces verts, allant de la conception et la r\u00e9alisation des espaces ext\u00e9rieurs, jusqu\u2019\u00e0 leur entretien.<\/p>\n<ul>\n<li>\u00c9laboration et Cr\u00e9ation de massifs floraux ou v\u00e9g\u00e9taux<\/li>\n<li>\u00c9laboration et Cr\u00e9ation de fontaines, bassins pour poissons&#8230;<\/li>\n<li>\u00c9laboration et Cr\u00e9ation de syst\u00e8mes d&rsquo;arrosage&#8230;<\/li>\n<li>Tonte de pelouses et gazons<\/li>\n<li>Tailles de haies, arbustes d&rsquo;ornement&#8230;<\/li>\n<li>Tailles des rosiers<\/li>\n<li>\u00c9lagage, Abattage et Plantation des arbres<\/li>\n<li>D\u00e9sherbant \u00e9cologique des all\u00e9es&#8230;<\/li>\n<\/ul>\n<p><img loading=\"lazy\" decoding=\"async\" src=\"https:\/\/novonet.fr\/wp-content\/uploads\/2018\/03\/photos-espaces-verts-1.png\" alt=\"\" class=\"alignleft size-full wp-image-125\" width=\"1206\" height=\"198\" srcset=\"https:\/\/novonet.fr\/wp-content\/uploads\/2018\/03\/photos-espaces-verts-1.png 1206w, https:\/\/novonet.fr\/wp-content\/uploads\/2018\/03\/photos-espaces-verts-1-300x49.png 300w, https:\/\/novonet.fr\/wp-content\/uploads\/2018\/03\/photos-espaces-verts-1-768x126.png 768w, https:\/\/novonet.fr\/wp-content\/uploads\/2018\/03\/photos-espaces-verts-1-1024x168.png 1024w\" sizes=\"auto, (max-width: 1206px) 100vw, 1206px\" \/><\/p>\n","protected":false},"excerpt":{"rendered":"<p>Que ce soit en r\u00e9sidentiel et les jardins verdoyants qui offrent du standing et du cachet \u00e0 votre r\u00e9sidence ou en espaces professionnels priv\u00e9s pour l&rsquo;\u00e9vasion momentan\u00e9e de votre personnel&#8230; NOVONET met \u00e0 disposition de vos besoins, une \u00e9quipe de paysagistes pour r\u00e9aliser une offre compl\u00e8te de prestations pour vos<a class=\"moretag\" href=\"https:\/\/novonet.fr\/index.php\/nos-prestations\/espaces-verts\/\"> Lire la suite<\/a><\/p>\n","protected":false},"author":1,"featured_media":0,"parent":48,"menu_order":3,"comment_status":"closed","ping_status":"closed","template":"","meta":{"footnotes":""},"class_list":["post-115","page","type-page","status-publish","hentry"],"_links":{"self":[{"href":"https:\/\/novonet.fr\/index.php\/wp-json\/wp\/v2\/pages\/115","targetHints":{"allow":["GET"]}}],"collection":[{"href":"https:\/\/novonet.fr\/index.php\/wp-json\/wp\/v2\/pages"}],"about":[{"href":"https:\/\/novonet.fr\/index.php\/wp-json\/wp\/v2\/types\/page"}],"author":[{"embeddable":true,"href":"https:\/\/novonet.fr\/index.php\/wp-json\/wp\/v2\/users\/1"}],"replies":[{"embeddable":true,"href":"https:\/\/novonet.fr\/index.php\/wp-json\/wp\/v2\/comments?post=115"}],"version-history":[{"count":3,"href":"https:\/\/novonet.fr\/index.php\/wp-json\/wp\/v2\/pages\/115\/revisions"}],"predecessor-version":[{"id":165,"href":"https:\/\/novonet.fr\/index.php\/wp-json\/wp\/v2\/pages\/115\/revisions\/165"}],"up":[{"embeddable":true,"href":"https:\/\/novonet.fr\/index.php\/wp-json\/wp\/v2\/pages\/48"}],"wp:attachment":[{"href":"https:\/\/novonet.fr\/index.php\/wp-json\/wp\/v2\/media?parent=115"}],"curies":[{"name":"wp","href":"https:\/\/api.w.org\/{rel}","templated":true}]}}