{"id":119,"date":"2018-03-30T20:52:08","date_gmt":"2018-03-30T18:52:08","guid":{"rendered":"http:\/\/novonet.fr\/?page_id=119"},"modified":"2019-06-07T02:30:25","modified_gmt":"2019-06-07T00:30:25","slug":"divers","status":"publish","type":"page","link":"https:\/\/novonet.fr\/index.php\/nos-prestations\/divers\/","title":{"rendered":"Divers"},"content":{"rendered":"\n<p>Remplacement de gardien, shampoing moquette, passage auto laveuse et mono brosse, lavage haute pression, lavage de parkings int\u00e9rieurs et ext\u00e9rieurs, d\u00e9barras de caves, nettoyage apr\u00e8s travaux, cristallisation de marbre&#8230;<\/p>\n\n\n\n<ul class=\"wp-block-gallery columns-3 is-cropped wp-block-gallery-1 is-layout-flex wp-block-gallery-is-layout-flex\"><li class=\"blocks-gallery-item\"><figure><img loading=\"lazy\" decoding=\"async\" width=\"206\" height=\"300\" src=\"https:\/\/novonet.fr\/wp-content\/uploads\/2019\/06\/INJECTEUR_EXTRACTEUR.jpg\" alt=\"\" data-id=\"181\" data-link=\"https:\/\/novonet.fr\/index.php\/nos-prestations\/divers\/injecteur_extracteur\/\" class=\"wp-image-181\"\/><\/figure><\/li><li class=\"blocks-gallery-item\"><figure><img loading=\"lazy\" decoding=\"async\" width=\"750\" height=\"1024\" src=\"https:\/\/novonet.fr\/wp-content\/uploads\/2019\/06\/autolaveuse-750x1024.jpg\" alt=\"\" data-id=\"182\" data-link=\"https:\/\/novonet.fr\/index.php\/nos-prestations\/divers\/autolaveuse\/\" class=\"wp-image-182\" srcset=\"https:\/\/novonet.fr\/wp-content\/uploads\/2019\/06\/autolaveuse-750x1024.jpg 750w, https:\/\/novonet.fr\/wp-content\/uploads\/2019\/06\/autolaveuse-220x300.jpg 220w, https:\/\/novonet.fr\/wp-content\/uploads\/2019\/06\/autolaveuse-768x1048.jpg 768w, https:\/\/novonet.fr\/wp-content\/uploads\/2019\/06\/autolaveuse.jpg 1000w\" sizes=\"auto, (max-width: 750px) 100vw, 750px\" \/><\/figure><\/li><li class=\"blocks-gallery-item\"><figure><img loading=\"lazy\" decoding=\"async\" width=\"700\" height=\"700\" src=\"https:\/\/novonet.fr\/wp-content\/uploads\/2019\/06\/brick-nettoyeur-haute-pression.jpg\" alt=\"\" data-id=\"183\" data-link=\"https:\/\/novonet.fr\/index.php\/nos-prestations\/divers\/brick-nettoyeur-haute-pression\/\" class=\"wp-image-183\" srcset=\"https:\/\/novonet.fr\/wp-content\/uploads\/2019\/06\/brick-nettoyeur-haute-pression.jpg 700w, https:\/\/novonet.fr\/wp-content\/uploads\/2019\/06\/brick-nettoyeur-haute-pression-150x150.jpg 150w, https:\/\/novonet.fr\/wp-content\/uploads\/2019\/06\/brick-nettoyeur-haute-pression-300x300.jpg 300w\" sizes=\"auto, (max-width: 700px) 100vw, 700px\" \/><\/figure><\/li><li class=\"blocks-gallery-item\"><figure><img loading=\"lazy\" decoding=\"async\" width=\"600\" height=\"600\" src=\"https:\/\/novonet.fr\/wp-content\/uploads\/2019\/06\/monobrosse.jpg\" alt=\"\" data-id=\"184\" data-link=\"https:\/\/novonet.fr\/index.php\/nos-prestations\/divers\/monobrosse\/\" class=\"wp-image-184\" srcset=\"https:\/\/novonet.fr\/wp-content\/uploads\/2019\/06\/monobrosse.jpg 600w, https:\/\/novonet.fr\/wp-content\/uploads\/2019\/06\/monobrosse-150x150.jpg 150w, https:\/\/novonet.fr\/wp-content\/uploads\/2019\/06\/monobrosse-300x300.jpg 300w\" sizes=\"auto, (max-width: 600px) 100vw, 600px\" \/><\/figure><\/li><\/ul>\n","protected":false},"excerpt":{"rendered":"<p>Remplacement de gardien, shampoing moquette, passage auto laveuse et mono brosse, lavage haute pression, lavage de parkings int\u00e9rieurs et ext\u00e9rieurs, d\u00e9barras de caves, nettoyage apr\u00e8s travaux, cristallisation de marbre&#8230;<\/p>\n","protected":false},"author":1,"featured_media":0,"parent":48,"menu_order":5,"comment_status":"closed","ping_status":"closed","template":"","meta":{"footnotes":""},"class_list":["post-119","page","type-page","status-publish","hentry"],"_links":{"self":[{"href":"https:\/\/novonet.fr\/index.php\/wp-json\/wp\/v2\/pages\/119","targetHints":{"allow":["GET"]}}],"collection":[{"href":"https:\/\/novonet.fr\/index.php\/wp-json\/wp\/v2\/pages"}],"about":[{"href":"https:\/\/novonet.fr\/index.php\/wp-json\/wp\/v2\/types\/page"}],"author":[{"embeddable":true,"href":"https:\/\/novonet.fr\/index.php\/wp-json\/wp\/v2\/users\/1"}],"replies":[{"embeddable":true,"href":"https:\/\/novonet.fr\/index.php\/wp-json\/wp\/v2\/comments?post=119"}],"version-history":[{"count":2,"href":"https:\/\/novonet.fr\/index.php\/wp-json\/wp\/v2\/pages\/119\/revisions"}],"predecessor-version":[{"id":185,"href":"https:\/\/novonet.fr\/index.php\/wp-json\/wp\/v2\/pages\/119\/revisions\/185"}],"up":[{"embeddable":true,"href":"https:\/\/novonet.fr\/index.php\/wp-json\/wp\/v2\/pages\/48"}],"wp:attachment":[{"href":"https:\/\/novonet.fr\/index.php\/wp-json\/wp\/v2\/media?parent=119"}],"curies":[{"name":"wp","href":"https:\/\/api.w.org\/{rel}","templated":true}]}}