{"id":399,"date":"2021-10-18T22:42:04","date_gmt":"2021-10-18T20:42:04","guid":{"rendered":"http:\/\/novonet.fr\/?page_id=399"},"modified":"2023-05-12T11:38:20","modified_gmt":"2023-05-12T09:38:20","slug":"agente-de-service-base-vie-de-chantiers","status":"publish","type":"page","link":"https:\/\/novonet.fr\/index.php\/agente-de-service-base-vie-de-chantiers\/","title":{"rendered":"Agent(e) de service"},"content":{"rendered":"\n<p>NOVONET est une entreprise familiale \u00e0 taille humaine, n\u00e9e il y a maintenant 13 ans, et qui a toujours suivi sa ligne de conduite tourn\u00e9e vers les valeurs de l\u2019humain et la satisfaction du client avec un travail bien fait&nbsp;et le service rendu !<\/p>\n\n\n\n<p>Notre entreprise s\u2019est d\u00e9velopp\u00e9e autour de 4 p\u00f4les d\u2019activit\u00e9s : Nettoyage R\u00e9sidentiel, Nettoyage de chantier, Nettoyage de Locaux Professionnels et Espaces Verts.<\/p>\n\n\n\n<p>Dans le cadre de notre d\u00e9veloppement, pour nos activit\u00e9s li\u00e9es \u00e0 la Propret\u00e9, NOVONET recrute des Agents(es) de service pour assurer la mise en propret\u00e9 des lieux qui nous sont confi\u00e9s.<\/p>\n\n\n\n<p>Les missions principales sont notamment :<\/p>\n\n\n\n<p>\u2013 Entretenir quotidiennement les espaces d\u00e9di\u00e9s (parties communes de copropri\u00e9t\u00e9, les bureaux, les agences&#8230;)<\/p>\n\n\n\n<p>\u2013 G\u00e9rer la mise en place des consommables sanitaires<\/p>\n\n\n\n<p>\u2013 G\u00e9rer le stock de produits<\/p>\n\n\n\n<p>\u2013 Maintenir la bonne tenue de son mat\u00e9riel&#8230;<\/p>\n\n\n\n<p><\/p>\n\n\n\n<p><strong>Profil recherch\u00e9<\/strong> :<\/p>\n\n\n\n<p>Vous faites preuve d\u2019un bon sens de l\u2019organisation, vous \u00eates rigoureux(se) et autonome.<\/p>\n\n\n\n<p>Venez int\u00e9grer et accompagner une entreprise dynamique dans son expansion, rejoignez-nous.<\/p>\n\n\n\n<p>R\u00e9mun\u00e9ration selon profil.<\/p>\n\n\n\n<p><strong>Statut<\/strong> : Agent de Service<\/p>\n\n\n\n<p><strong>Type d\u2019emploi<\/strong> : temps complet ou temps partiel, CDD ou CDI<\/p>\n\n\n\n<p><strong>Salaire<\/strong> : Fixe conventionnel selon exp\u00e9rience<\/p>\n\n\n\n<p><strong>Exp\u00e9rience<\/strong> : une exp\u00e9rience significative serait id\u00e9ale mais non obligatoire.<\/p>\n\n\n\n<div class=\"wp-block-themeisle-blocks-advanced-columns has-1-columns has-desktop-equal-layout has-tablet-equal-layout has-mobile-equal-layout has-default-gap has-vertical-unset\" id=\"wp-block-themeisle-blocks-advanced-columns-2ca1608a\"><div class=\"wp-block-themeisle-blocks-advanced-columns-overlay\"><\/div><div class=\"innerblocks-wrap\">\n\n<div class=\"wp-block-themeisle-blocks-advanced-column\" id=\"wp-block-themeisle-blocks-advanced-column-3342a8a5\">\n\n<p class=\"has-text-align-center\"><strong>D\u00e9posez votre candidature \u00e0 : <\/strong><\/p>\n\n\n<p class=\"has-text-align-center\"><strong><a href=\"mailto:recrutement@novonet.fr\">recrutement@novonet.fr<\/a> <\/strong><\/p>\n\n<\/div>\n\n<\/div><\/div>\n","protected":false},"excerpt":{"rendered":"<p>NOVONET est une entreprise familiale \u00e0 taille humaine, n\u00e9e il y a maintenant 13 ans, et qui a toujours suivi sa ligne de conduite tourn\u00e9e vers les valeurs de l\u2019humain et la satisfaction du client avec un travail bien fait&nbsp;et le service rendu ! Notre entreprise s\u2019est d\u00e9velopp\u00e9e autour de<a class=\"moretag\" href=\"https:\/\/novonet.fr\/index.php\/agente-de-service-base-vie-de-chantiers\/\"> Lire la suite<\/a><\/p>\n","protected":false},"author":1,"featured_media":0,"parent":0,"menu_order":0,"comment_status":"closed","ping_status":"closed","template":"","meta":{"footnotes":""},"class_list":["post-399","page","type-page","status-publish","hentry"],"_links":{"self":[{"href":"https:\/\/novonet.fr\/index.php\/wp-json\/wp\/v2\/pages\/399","targetHints":{"allow":["GET"]}}],"collection":[{"href":"https:\/\/novonet.fr\/index.php\/wp-json\/wp\/v2\/pages"}],"about":[{"href":"https:\/\/novonet.fr\/index.php\/wp-json\/wp\/v2\/types\/page"}],"author":[{"embeddable":true,"href":"https:\/\/novonet.fr\/index.php\/wp-json\/wp\/v2\/users\/1"}],"replies":[{"embeddable":true,"href":"https:\/\/novonet.fr\/index.php\/wp-json\/wp\/v2\/comments?post=399"}],"version-history":[{"count":5,"href":"https:\/\/novonet.fr\/index.php\/wp-json\/wp\/v2\/pages\/399\/revisions"}],"predecessor-version":[{"id":521,"href":"https:\/\/novonet.fr\/index.php\/wp-json\/wp\/v2\/pages\/399\/revisions\/521"}],"wp:attachment":[{"href":"https:\/\/novonet.fr\/index.php\/wp-json\/wp\/v2\/media?parent=399"}],"curies":[{"name":"wp","href":"https:\/\/api.w.org\/{rel}","templated":true}]}}